7?
17
Suppose 2*w - z = -433 + 459, -16 = 4*z. What is the greatest common divisor of 671 and w?
11
Let y be ((0 - -3)*-282)/2. Let g = y - -583. What is the highest common factor of 64 and g?
32
Let a be 2*(1 - 6/(-1)). Suppose 784 + 1256 = -34*u. Let z = a - u. What is the highest common factor of z and 37?
37
Suppose -3*v + 69 = r, 5*v = -4*r + 21 + 80. Let u be 3/(-5)*(-15)/(-3). Let a be 125*(u/3 + 2). Calculate the greatest common factor of a and v.
25
Suppose 2*q - 25 + 7 = 0. Let o be (-574)/(-21)*q/6. Let t = o - 11. Calculate the highest common divisor of 330 and t.
30
Let l(h) = -294*h - 537. Let b be l(-6). What is the highest common divisor of b and 3?
3
Let y be 24039/(-45)*(2 + -3 - 4). Let q = y - 1802. Calculate the greatest common divisor of 79 and q.
79
Suppose -f - 5*w = -459, -4*f - 4*w + 1161 + 755 = 0. What is the highest common factor of f and 12?
4
Let h be 1*2*(1 + 0). Suppose 37*v + 16 = 62 + 28. Calculate the highest common factor of h and v.
2
Suppose -67*j + 1527 = -2761. What is the greatest common divisor of 1 and j?
1
Suppose o + 10*a = 5*a + 2087, -a = -5. What is the highest common factor of 2 and o?
2
Suppose 6*g - 28 = 2*g + 2*b, 4*b = 3*b. Calculate the greatest common divisor of g and 13055.
7
Suppose -6*r + 48 = -2*r. Let f(c) = -32*c - 29. Let t be f(r). Let l be t/(-7) - (-3 - -6). Calculate the greatest common divisor of l and 56.
56
Suppose 2*s + 2*l = -l + 591, 5*l + 551 = 2*s. Calculate the greatest common divisor of s and 45.
9
Let d(w) = 143*w**2 - 184*w + 541. Let n be d(3). Calculate the greatest common factor of n and 16907.
319
Let i be (-3)/9 + 86/6. Suppose -3*h = 2 - i. Let n = -384 - -386. What is the highest common factor of n and h?
2
Let d be (-8)/6*114774/(-407). What is the highest common divisor of d and 60?
4
Let m(q) = 38*q**2 + 2414*q + 7. Let t be m(-69). What is the highest common factor of 173 and t?
173
Suppose 28*b = 33196 + 23808 + 20220. Calculate the greatest common divisor of b and 112.
14
Let o = 51343 - 51283. Let y = -354 + 624. What is the highest common divisor of y and o?
30
Let m(i) = i**3 - 27*i**2 + 133*i - 63. Let v be m(21). Calculate the greatest common factor of 732 and v.
12
Let v be (-24)/((-8)/4 - 0). Suppose 147 = 3*y - v. What is the highest common factor of y and 265?
53
Let x(c) = c**3 - 14*c**2 - 32*c + 19. Let a be x(16). What is the highest common divisor of a and 2033?
19
Let m = 61 - 49. Let x be m*((-10)/8 - -3). Let u be (97 + -1)/(x/14). What is the greatest common divisor of 16 and u?
16
Let w(z) = -9*z**2 - 487*z - 22. Let j be w(-45). Calculate the greatest common factor of 7 and j.
7
Let v be 12/5 - (-36)/(-90). Suppose 5*z + 2*f - 110 = v*z, 2*f = -z + 38. Let a be (-28)/6*(72/21 - 6). What is the greatest common divisor of a and z?
12
Suppose -2*i - 5*t + 670 = 0, 6*i + t - 2612 + 574 = 0. Suppose 20 = 5*m - 4*m. What is the greatest common factor of i and m?
20
Let x(v) = 11*v**3 - v**2 + 98. Let g be x(5). What is the highest common factor of 32 and g?
8
Let j = -187 + 193. Let a = 26 - j. What is the greatest common divisor of 12 and a?
4
Let g = 34 + -33. Let x be (3 + -12 + 3)/(-2*g). Let j be -1 - ((-195)/x + 1). Calculate the highest common divisor of j and 9.
9
Let m be 240/(-45)*6/(-8). Suppose 0 = -7*h + 9*h - m. Suppose -2*y + x = -7, 34*y - 2*x = 31*y + 9. What is the greatest common divisor of y and h?
1
Suppose -3*u = -79*u + 760. Calculate the highest common factor of 4990 and u.
10
Let j be (9 + 0 + 32981/(-52))*-4. Calculate the highest common divisor of j and 41.
41
Let j be ((-160)/(-12))/1*3. Suppose -3*s - 4 = -2*c - 2*c, 5*c + 5*s - j = 0. Suppose -c*a + 6 = 2*a. What is the greatest common divisor of a and 7?
1
Let m(h) = 31*h - 5. Let w be m(-1). Let y = 144 - w. Suppose -2*b + 60 = b. What is the highest common divisor of y and b?
20
Let p = 31 - 31. Suppose u + p*u = 30. Calculate the highest common divisor of u and 20.
10
Let k be ((-680)/(-36))/(12/108). What is the highest common divisor of 20 and k?
10
Let d be 30807 + (-11 - 25 - -24). What is the highest common divisor of 15 and d?
15
Let q be 218/12 - 85/510. What is the highest common divisor of 2034 and q?
18
Let t = 35 - 47. Let w(v) = -v**3 - 11*v**2 + 12*v + 4. Let f be w(t). What is the highest common factor of 28 and f?
4
Suppose -3546 = -110*t + 3274. What is the highest common divisor of t and 7409?
31
Suppose 17421 = 5*o + 2*i, 5*o - 108*i + 112*i - 17427 = 0. Calculate the highest common divisor of 129 and o.
129
Suppose 4*t + 2*d = 7838, -59*t + 2*d = -60*t + 1955. What is the greatest common divisor of t and 185?
37
Let z(d) = -5*d**3 + 2*d**2 + 12. Let a be z(4). Let x = 296 + a. What is the greatest common divisor of x and 70?
10
Suppose -2*l + 181 = 5*w, -2*l = -3*w - l + 102. Suppose 135 = 3*m - 4*d + 34, 0 = -3*d + 3. Calculate the highest common divisor of w and m.
35
Let z = -18259 - -18444. Let x be (-2)/(2*-1) - -3. Suppose -4*k = -x*j - 292, 0*j - 3*j = -2*k + 145. Calculate the highest common divisor of z and k.
37
Let v be (-49)/(-3) + (-2)/6. Let a(k) = 18*k**2 + 8*k - 26. Let o be a(3). Calculate the greatest common divisor of v and o.
16
Suppose -4*w = -c + 11, -1 = -c + w + 7. Suppose -734 - 99 = -c*y. Calculate the highest common factor of 17 and y.
17
Suppose 1104*n = 1192*n - 63536. What is the greatest common factor of n and 570?
38
Let m(b) = b**3 + 5*b**2 + b + 15. Let y be m(-7). Let j = y + 119. Calculate the greatest common divisor of 1 and j.
1
Let c(b) = 263*b + 2564. Let p be c(50). Calculate the greatest common divisor of p and 194.
194
Let w(a) = 17*a**2 - 5*a + 10. Suppose 10*n - 6 = 9*n. Let z be w(n). Let p be ((-1)/(-2))/(4/z - 0). Calculate the highest common divisor of p and 111.
37
Let p(i) be the first derivative of -3*i**2/2 - 8*i - 23. Let c be p(-4). Suppose -c*n + 85 = n. Calculate the greatest common divisor of n and 187.
17
Suppose 5*f + 57 = -i, 0 = f + 2*i - 1 + 7. Let w be (6/f)/(5 + (-453)/90). Calculate the highest common factor of 255 and w.
15
Suppose -4*d + 788 = -5*y, -3 = -y - 7. Let s(i) = -7*i + 3. Let r be s(-3). What is the highest common factor of r and d?
24
Suppose 51*u + 4156 - 1249 = 0. Suppose -3*y = -49 - 200. Let x = u + y. Calculate the greatest common divisor of x and 65.
13
Let o(i) = i**2 + 10*i - 42. Let m be o(-13). Let b(n) = -2*n**3 - n**2 - 4*n - 7. Let s be b(m). What is the greatest common factor of s and 100?
50
Suppose 2*j + 2*p - 3*p - 917 = 0, 5*j - 4*p - 2300 = 0. Let m = 24712 + -24688. What is the highest common factor of j and m?
24
Let k be -105*(19 + (-135)/7). What is the highest common divisor of k and 1395?
15
Let n(v) = 2*v**2 + 59*v + 141. Let q be n(-31). What is the greatest common divisor of 429 and q?
39
Suppose -50*n + 43*n - 329 = 0. Let w = 133 - n. What is the greatest common factor of w and 45?
45
Let z(m) = -m**3 - 4*m**2 + 3*m - 6. Let o be z(-6). Let d be ((162/(-63))/9)/1 - (-678)/21. What is the highest common factor of d and o?
16
Let l be 1 - (10/(-20) + 1086/(-4)). Suppose -8*v + 7*v = 4*m - l, -m = -2*v - 66. Calculate the greatest common factor of m and 85.
17
Let a be (-2)/(-4) + (-63)/(-2). Let q = -1019901 - -1020045. Calculate the highest common divisor of q and a.
16
Let k be 7 + 0 - (-2 + (-8 - -1) + 6). What is the greatest common divisor of k and 1870?
10
Suppose 0 = a + 2*a - 75. Suppose 0 = 49*k - 435*k + 6744 - 954. Calculate the highest common factor of k and a.
5
Let o be -3*130/18*(-8 + 2). Let v = o + -93. What is the greatest common factor of 74 and v?
37
Suppose -5*b + 2063 = -r, -3*r + 49 = b - 354. Calculate the greatest common divisor of b and 1133.
103
Suppose -9579 = -209*w + 11739. What is the highest common factor of 402 and w?
6
Let m(f) = 40*f + 556. Let o be m(29). Calculate the greatest common factor of o and 1404.
156
Suppose -3*a + 22 + 2 = -3*k, -4*k - 25 = 3*a. Let x be k/(-14) + -2 - (-162)/4. What is the highest common divisor of 39 and x?
39
Let q be (5 + 0)*4/10. Let l be (180/54)/(q/3). Let b be ((-1)/(-3))/(l/225). What is the highest common divisor of b and 5?
5
Suppose -246 = -12*y + 42. Suppose 3*g - 20 = 5*s + 150, 2*g - 114 = 3*s. Calculate the greatest common factor of g and y.
12
Supp